r(h) = -4*h + 150. Let i be r(38). What is the remainder when 0 - (-32 - (-3 + 2)) is divided by (-11 - i)*((-15)/(-9) + -4)?
10
Let v be (105/6)/(1*(-1)/(-2)). Let a(s) = 6*s - 46*s - s**2 - v + 20*s. Calculate the remainder when a(-14) is divided by 10.
9
Suppose -2*s = -3*x + 576, -2*x = -3*x + 4*s + 182. Suppose 7*j = -139 + 293. What is the remainder when x is divided by j?
18
Let h be 10/20*(-64 + 2). Let b be (-3)/(-9) - h/(-9)*3. What is the remainder when 9 is divided by (-5)/(b/3) - 1/(-2)?
1
Suppose 0 = -4*q + 170 + 6. Let r = 104 - 203. Let v = 114 + r. What is the remainder when q is divided by v?
14
Suppose -9912 = -102*j + 2902086. What is the remainder when j is divided by 344?
341
Let j(x) = x**3 + 22*x**2 + 43*x - 8. Calculate the remainder when j(-19) is divided by 66.
60
Suppose 5*l + 95 + 1350 = 0. Let i = l - -294. What is the remainder when 198 is divided by i?
3
Let w(q) = -q**3 - 3*q**2 + 143*q + 737. What is the remainder when w(0) is divided by 399?
338
Suppose 5*n + 54 = 2454. Let q = n - 475. What is the remainder when 18 is divided by q?
3
Suppose 2*q = 3*p - 12 - 51, p + 5*q + 30 = 0. Let i = 22 - 13. Calculate the remainder when p is divided by i.
6
Let d(t) = -5*t + 2*t**2 - 66*t**3 + 26 - 16*t + 67*t**3. What is the remainder when 95 is divided by d(-6)?
7
Let o(z) = -z + 10. Let u be o(0). Suppose -q + 15 = 2*l, q - 4*l - 1 = -u. Let k(a) = 29*a - 338. What is the remainder when k(12) is divided by q?
3
Suppose -5*n - 2*j + 5 = 45, 2*n + 16 = j. Let d(h) = 4*h**2 + 25*h + 8. What is the remainder when d(n) is divided by 16?
0
Let o = 82 - 88. What is the remainder when 36 is divided by -3*(56/o + 3)?
17
Let f(q) = -8*q - 6. Let u be f(-2). Suppose -14*a - 3*k + 120 = -u*a, -60 = -2*a - k. What is the remainder when 117 is divided by a?
27
Let n be -1 + 0 - -7 - (0 + 2). Let z be 1/((-1)/(-45))*n/10. Suppose 16*d + 54 = z*d. Calculate the remainder when 52 is divided by d.
25
Calculate the remainder when 54/(-126) + 311*1/7 is divided by ((-58)/(-4)*2)/1.
15
Calculate the remainder when 4146 is divided by (-2394)/(-36) - 4 - (-2)/(4/(-3)).
59
Suppose 2*l = 4*c - 3*l - 31, -3*c + 4*l + 24 = 0. Suppose -c*i + 118 + 142 = 0. Suppose -25*v + i = -20*v. What is the remainder when 127 is divided by v?
10
Suppose -a + 20 - 18 = 0. Suppose -a*o + 2*m = -36, -o - 10 = 3*m - 24. Calculate the remainder when (-14)/56 - (-97)/4 is divided by o.
7
Let d(u) = 48*u - 1338. What is the remainder when d(32) is divided by 87?
24
Suppose 18*b - 17*b + 890 = 6*b. Calculate the remainder when 2135 is divided by b.
177
Suppose 72*d - 68*d - 16 = 0, -d + 964 = 3*o. What is the remainder when o is divided by 10?
0
Suppose 12 = -3*c - 0*c, y = -5*c + 8. Suppose -9*v - 152 = -y*v. What is the remainder when 2/((-4)/116*-2) is divided by v?
5
Calculate the remainder when 2207 is divided by (-23)/((-2)/(18/81) - -8).
22
Let p = -535 - -1220. Suppose -152 = -3*b + 4*i + 282, -p = -5*b - i. Calculate the remainder when b is divided by 46.
0
Let b(n) = -n + 86. Let q be b(0). Suppose -d + 4 = q. Let k = d - -157. Calculate the remainder when k is divided by 13.
10
Let u(n) = 13*n - n**3 + 1 - 1 - 13 + 10*n**2. What is the remainder when u(8) is divided by 44?
43
Let d(y) = y**3 + 15*y**2 - y - 9. Let s(c) = -c**3 - 23*c**2 + 129*c + 2595. What is the remainder when d(-8) is divided by s(-24)?
72
Suppose -2*q + 3470 = -7*q + 4*v, -2*q - 1365 = 3*v. Calculate the remainder when 136 is divided by ((-4)/(-12)*1)/((-5)/q).
44
Suppose 24*o - 63*o + 8621 = -2767. What is the remainder when o is divided by 114?
64
Suppose 5*x - 9 = -4. Let m(s) = 0*s - x + s**2 + 0*s - 2*s. What is the remainder when m(-4) is divided by 13?
10
Suppose 564 = 307*j - 295*j. Calculate the remainder when 2536 is divided by j.
45
Suppose 8*k - 1238 = -150. Suppose -223 = -5*l + 2*q + q, 4*q + k = 3*l. Calculate the remainder when l is divided by 27.
17
Let k be 44/6 + (-8)/6. What is the remainder when 3082/69 + 2/k is divided by 10?
5
Let o = -4727 + 4731. What is the remainder when 483 is divided by o?
3
Let r(o) = -35*o - 4 + 18*o - 1. What is the remainder when r(-4) is divided by ((-8)/(-5))/(1/10)?
15
Suppose -5*n - 115 = 15. Let l = n + 48. Calculate the remainder when 174 is divided by l.
20
Suppose 118*w + 54 = 122*w - 5*t, -5*t + 23 = 3*w. Suppose z = -2*z + 147. Calculate the remainder when z is divided by w.
5
Let z(b) = 3*b**3 - 16*b**2 - 8*b. Let d be z(7). Let m = d - -242. What is the remainder when m is divided by 31?
28
Let i(a) = -9*a. Let r be i(-2). Suppose 2*x - r = -4*x. Suppose 3*v + 5*q = 51, -x*q = -2*v + 3 + 12. Calculate the remainder when 35 is divided by v.
11
Suppose -4*m + 56 = -5*g, -23 - 1 = -4*m - 3*g. Suppose m*w = -2*w + 462. Calculate the remainder when 82 is divided by w.
40
Calculate the remainder when 4066 is divided by (-6094)/(-110) + 2/(-5).
51
Let v be 202/4 - 14/28. Suppose 20*k + v = 15*k. Let c = 9 - k. What is the remainder when 47 is divided by c?
9
Let f be 20*(7/21)/((-4)/(-45)). Let w = f - -45. Suppose -w = -6*x - 2*x. What is the remainder when 73 is divided by x?
13
Suppose -2*k + 4*f - 26 = 0, -5*k = -0*f + f + 10. Let t be -1 - (k - 20/5). Suppose t = -a + 4*a. Calculate the remainder when 8 is divided by a.
0
Suppose 9 = 3*c - 18. Let r = c - -108. What is the remainder when r is divided by 15?
12
Let o(b) = -53*b + 997. What is the remainder when 1433 is divided by o(17)?
89
Let o(m) = -9*m - 79. Calculate the remainder when 1079 is divided by o(-14).
45
Let r = 139 + -135. Suppose 2*v - 76 = -5*w, -r*v - 19 = -3*w + 11. What is the remainder when w is divided by 4?
2
Suppose 43 = -4*a + 5*b, 4*a + 4*b + b + 13 = 0. Let u(r) = -6*r - 31. Calculate the remainder when 38 is divided by u(a).
5
Let y(o) = -13736*o + 13691*o - o**2 - 30 + 0*o**2. What is the remainder when y(-33) is divided by 8?
6
Let x = -40983 + 40997. Calculate the remainder when ((-8)/5)/((-3)/60) is divided by x.
4
Let h(m) = 6*m**2 + 174*m + 176. What is the remainder when 1943 is divided by h(-29)?
7
Let j = -26 - -46. Suppose -44*w - 24 = -47*w. Suppose -2*g + 14 = -w. What is the remainder when j is divided by g?
9
Suppose 36*j - 27*j = 0. Suppose 2*d = 2*g + 2*g - 44, -3*g - d + 33 = j. Calculate the remainder when 184 is divided by g.
8
Let d(k) = -k + 8. Suppose 5*i - 4*l - 16 = 5, 4*l = 3*i - 19. What is the remainder when 150 is divided by d(i)?
3
Suppose 0 = 61*x + 13404 - 46039. Calculate the remainder when x is divided by 7.
3
Suppose -37 = -28*w + 7467. Calculate the remainder when 537 is divided by w.
1
Let b = -157 - -162. Suppose b*m - 108 - 72 = 0. Calculate the remainder when 97 is divided by m.
25
Let n(f) = -190*f**3 + f**2 + 460*f + 459. What is the remainder when 320 is divided by n(-1)?
130
Calculate the remainder when 1493 is divided by ((-40)/24 + 2)/((-1)/(-51)).
14
Let c(u) = 4 - u**2 - 1 - 5 - 16*u + 0. Suppose o - 5*o = -196. Calculate the remainder when o is divided by c(-15).
10
Let d = -360 - -455. Calculate the remainder when (-303)/(-10 + (0 - -7)) is divided by d.
6
What is the remainder when ((8/(-14) - (-1026)/(-189)) + -3583)/(-1) is divided by 9?
7
Let t = 284 + -239. Let i be (-3)/6 - (-11)/2. What is the remainder when t is divided by 2/i - 156/(-10)?
13
Let t be (-222)/(1 + (-10)/4). Let i = 209 - t. Suppose m + 0*m - i = 0. Calculate the remainder when m is divided by 22.
17
Suppose 4*a = -2*i + 166, -399 = 19*i - 24*i - 2*a. Calculate the remainder when 2921 is divided by i.
77
Let z(v) = -5*v + 53. Let c be 0/36 - (102 - 1). Let a = -68 - c. Calculate the remainder when a is divided by z(7).
15
Let z = 66837 + -66793. What is the remainder when z is divided by 4/6 + 43/3?
14
Suppose 4*q - q = 4*c - 1387, -2*q = -6. What is the remainder when c is divided by 167?
15
Let o = -13586 + 13631. Calculate the remainder when 1098 is divided by o.
18
Let i be -369*4/8 + 9/(-6). What is the remainder when ((-3)/(-2))/((i/(-84))/31) is divided by 12?
9
Let s(b) = -3*b**3 + 5*b**2 - b - 22. Calculate the remainder when 516 is divided by s(-4).
8
Let w(h) = -h**2 - 11*h + 150. Let r = -37 + 45. What is the remainder when w(7) is divided by r?
0
Suppose 2*u + 76 = -n + 3*n, -2*n = -u - 72. What is the remain